{"id":94,"date":"2020-02-25T09:07:54","date_gmt":"2020-02-25T08:07:54","guid":{"rendered":"https:\/\/portail.college-borysaintvincent.ac-reunion.fr\/wordpress\/cdi\/?page_id=94"},"modified":"2023-02-02T07:43:11","modified_gmt":"2023-02-02T06:43:11","slug":"a-propos-de-nous","status":"publish","type":"page","link":"https:\/\/portail.college-borysaintvincent.ac-reunion.fr\/wordpress\/club-journalisme\/a-propos-de-nous\/","title":{"rendered":"A propos de nous"},"content":{"rendered":"\n<p>Le Club de Journalisme, compos\u00e9 d&rsquo;\u00e9l\u00e8ves de tous niveaux, a \u00e9t\u00e9 lanc\u00e9 en novembre 2019 et le 1er article a \u00e9t\u00e9 publi\u00e9 en f\u00e9vrier 2020, puis il y a eu le confinement&#8230; Mais aujourd&rsquo;hui nous sommes encore l\u00e0, plus motiv\u00e9s que jamais !<\/p>\n\n\n\n<p>Nous sommes un petit groupe de 15-20 journalistes en herbe et nous nous retrouvons toutes les semaines pour VOUS informer r\u00e9guli\u00e8rement avec des articles ou\/et dessins de presse sur des sujets qui int\u00e9ressent les ados : Des ados qui \u00e9crivent pour des ados, d\u2019o\u00f9 les \u201cAdos du B.S.V.\u201d (coll\u00e8ge <strong>B<\/strong>ory de <strong>S<\/strong>t-<strong>V<\/strong>incent). Toutes les informations publi\u00e9es viennent du terrain (t\u00e9moignages, interviews, sondages\u2026) ou de sources v\u00e9rifi\u00e9es. Les images utilis\u00e9es sont nos photos, nos affiches, nos dessins de presse ou encore des images libres de droit. D\u2019ailleurs le logo est une de nos r\u00e9alisations ; c\u2019est celui qui a remport\u00e9 le plus de votes des coll\u00e9giens parmi une dizaine de propositions.<\/p>\n\n\n\n<p>Vous pouvez aussi nous croiser lors de divers \u00e9v\u00e8nements, vous nous reconna\u00eetrez gr\u00e2ce \u00e0 nos cartes presse !<\/p>\n\n\n\n<p>Le Club de Journalisme c&rsquo;est \u00e9galement des activit\u00e9s autour du monde des m\u00e9dias (Escape Game, interventions pendant la Semaine de la Presse et des M\u00e9dias, sorties, rencontres&#8230;), des podcast et une page Instagram !<\/p>\n\n\n\n<figure class=\"is-layout-flex wp-block-gallery-1 wp-block-gallery columns-0 is-cropped\"><ul class=\"blocks-gallery-grid\"><\/ul><\/figure>\n","protected":false},"excerpt":{"rendered":"<p>Le Club de Journalisme, compos\u00e9 d&rsquo;\u00e9l\u00e8ves de tous niveaux, a \u00e9t\u00e9 lanc\u00e9 en novembre 2019 et le 1er article a \u00e9t\u00e9 publi\u00e9 en f\u00e9vrier 2020, puis il y a eu le confinement&#8230; Mais aujourd&rsquo;hui nous sommes encore l\u00e0, plus motiv\u00e9s que jamais ! Nous sommes un petit groupe de 15-20 journalistes en herbe et nous &hellip; <\/p>\n","protected":false},"author":2769,"featured_media":0,"parent":0,"menu_order":2,"comment_status":"closed","ping_status":"closed","template":"","meta":{"_links_to":"","_links_to_target":""},"_links":{"self":[{"href":"https:\/\/portail.college-borysaintvincent.ac-reunion.fr\/wordpress\/club-journalisme\/wp-json\/wp\/v2\/pages\/94"}],"collection":[{"href":"https:\/\/portail.college-borysaintvincent.ac-reunion.fr\/wordpress\/club-journalisme\/wp-json\/wp\/v2\/pages"}],"about":[{"href":"https:\/\/portail.college-borysaintvincent.ac-reunion.fr\/wordpress\/club-journalisme\/wp-json\/wp\/v2\/types\/page"}],"author":[{"embeddable":true,"href":"https:\/\/portail.college-borysaintvincent.ac-reunion.fr\/wordpress\/club-journalisme\/wp-json\/wp\/v2\/users\/2769"}],"replies":[{"embeddable":true,"href":"https:\/\/portail.college-borysaintvincent.ac-reunion.fr\/wordpress\/club-journalisme\/wp-json\/wp\/v2\/comments?post=94"}],"version-history":[{"count":14,"href":"https:\/\/portail.college-borysaintvincent.ac-reunion.fr\/wordpress\/club-journalisme\/wp-json\/wp\/v2\/pages\/94\/revisions"}],"predecessor-version":[{"id":667,"href":"https:\/\/portail.college-borysaintvincent.ac-reunion.fr\/wordpress\/club-journalisme\/wp-json\/wp\/v2\/pages\/94\/revisions\/667"}],"wp:attachment":[{"href":"https:\/\/portail.college-borysaintvincent.ac-reunion.fr\/wordpress\/club-journalisme\/wp-json\/wp\/v2\/media?parent=94"}],"curies":[{"name":"wp","href":"https:\/\/api.w.org\/{rel}","templated":true}]}}